
Let k = -49 + 52. Suppose 4 = -h, 0*h + k*h - 463 = -5*t. What is the units digit of t?
5
Let v be (77 + -2)*-4*2/(-20). Suppose 0 = -2*o + v + 104. What is the tens digit of o?
6
Let p(a) = -a. Let f(m) = 8*m + 12. Let h(t) = -2*f(t) - 18*p(t). Suppose -2*j = -3*j + 13. What is the units digit of h(j)?
2
Let c = 431 - 284. Suppose -f + 5*k = -c, k - 1 = f - 148. What is the tens digit of f?
4
Suppose 26*t - 16*t = 9380. What is the hundreds digit of t?
9
Let y(h) be the third derivative of h**5/10 + h**4/12 + h**3/2 + 11*h**2. Let d be y(-4). What is the units digit of 282/7 + (-26)/d?
0
Let k(u) = 30*u + 2*u**2 - 3*u**2 - 9*u - 12. What is the units digit of k(16)?
8
Let z(d) = 21*d**2 - 4*d. What is the hundreds digit of z(3)?
1
Suppose 2*k - k - 3*q = -101, 4*q - 364 = 4*k. Let d = k - -200. What is the hundreds digit of d?
1
Suppose -2*h = 2*t - 32, 98 = 5*h + 3*t + 20. Suppose h = 3*z, -18 = -5*q + 3*z - 3. Suppose -q*j = -10*j + 4. What is the units digit of j?
1
What is the units digit of ((-443)/(-3))/(-8 - (-245)/30)?
6
Suppose -2004 = -2*i + 2*l, 10*i - 1026 = 9*i - 5*l. What is the thousands digit of i?
1
Let x = 53 + -51. Suppose f - x*r + 55 = 2*f, 2*f - 110 = -5*r. What is the tens digit of f?
5
Suppose -7*r + 16 = -5*r. What is the tens digit of ((-48)/42)/r - (-736)/7?
0
Suppose -406*g - 30528 = -415*g. What is the thousands digit of g?
3
Suppose -j + 3 = -g, -3*g + 18 = 4*j - g. Let f be j + -1 - (-1)/1. Suppose -5*m + 63 = 2*t - 0*m, 3*t - f*m = 37. What is the units digit of t?
9
Suppose -5937 = -10*m - 1917. What is the hundreds digit of m?
4
Let h(n) = 5*n. Let o be h(3). Let y = -4 + o. What is the units digit of ((-1)/(-2))/(y/44)?
2
Let h be (22 + -18)*1/2. Suppose -30 + h = -v. Suppose -2 = j - v. What is the tens digit of j?
2
Let v be 109/(-4) + 10/40. Let c be 3/(-5) - v/45. Suppose -f + 33 + 2 = c. What is the units digit of f?
5
What is the tens digit of (0 + -18)/(1773/(-1746) + 1)?
6
Let u(x) = 32*x - 34. What is the tens digit of u(4)?
9
Suppose 4*d - 6*d = 5*q - 9, -3*q + 2*d + 15 = 0. Suppose s = -2*g + 4*s, 11 = -q*g - s. Let i = g - -12. What is the units digit of i?
9
Let t(b) = -109*b**3 - b**2 + 1. What is the tens digit of t(-2)?
6
Let y(p) be the second derivative of -19*p**3/6 + 29*p**2/2 + 8*p. What is the units digit of y(-6)?
3
Suppose -10 = 2*y - 5*t, 6*t = 3*y + 3*t + 6. Let v = y + 4. What is the units digit of -50*(v/8)/(-1)?
5
Let d be ((-4096)/96)/((-2)/3). What is the units digit of d - (5 - (-16)/(-4))?
3
Let y = -13 - -61. Let s = 69 - y. Suppose 0*l + u - 27 = -2*l, 0 = -l + 2*u + s. What is the tens digit of l?
1
Let s = 2548 - 1440. Suppose -7*f = -5*f + s. What is the tens digit of f/(-10) - 2/5?
5
Suppose -4*n + 1628 = 3*g + 234, 2*g = 4*n + 956. What is the tens digit of g?
7
Suppose 3*w = -2*v + 827 + 200, w = 5*v + 365. What is the hundreds digit of w?
3
Let b(d) = -d**3 + 15*d**2 - 11*d - 7. Suppose 3*g - 98 = -4*g. What is the units digit of b(g)?
5
Suppose -3*j = -0*j. What is the tens digit of j + 61 - (-2 - -1)?
6
Let v = -244 - -136. Let n = -16 - v. What is the tens digit of n?
9
Suppose -6*v - 4*b + 2221 = -5*v, -5*v + 2*b = -11083. What is the hundreds digit of v?
2
Let l = -990 - -3188. What is the thousands digit of l?
2
Suppose 5953 = 34*c - 48957. What is the units digit of c?
5
Suppose -2*o = 20 + 76. Let m = -25 - o. What is the units digit of m?
3
Let n be (-2 - -5)/(6/8). Let v(l) = l**2 + 3*l. Let u be v(n). Let i = u + -9. What is the tens digit of i?
1
Let u = -22 + 24. Let m(s) = 0*s - u - 2*s + 5. What is the units digit of m(-6)?
5
Let u be 50/4*90/9. Let a = u - 24. Suppose -20 = 3*x - a. What is the tens digit of x?
2
Suppose -2*j - 4 = -2. Let h(m) = 22*m**2 + m + 1. Let v be h(j). Suppose v + 76 = 2*w. What is the tens digit of w?
4
Suppose -29*c + 1920 = -19*c. What is the units digit of c?
2
Let l = 68 + -68. Suppose l = 75*d - 71*d - 196. What is the units digit of d?
9
Let v(b) = -b**3 - 3*b**2 + 6*b + 5. Let h be v(-5). Suppose 4*o = -9 + h. Suppose o*c - 56 = -m + 2*m, -5*m + 80 = 4*c. What is the units digit of c?
5
Let s(x) = -9*x - 13*x - 8*x - 33 + 5*x. What is the tens digit of s(-6)?
1
Suppose 4*m + 10 = -m. What is the tens digit of 312/6 - (-1)/(1/m)?
5
What is the tens digit of (26 + -24)/(2/856)?
5
Suppose 1299 = 3*g - 0*a - a, -2151 = -5*g - 3*a. Suppose -7*r + g = -3*r. What is the tens digit of r?
0
Let p be -2 - -6 - (-48)/(-12). Suppose 5*f - 153 - 767 = p. What is the units digit of f?
4
Let m(w) = w**3 + 8*w**2 + 8*w + 5. Suppose b + 19 = -4*b + 4*z, 4*b + 8 = 5*z. Let p be m(b). What is the units digit of 0 + 46 + p + 3?
7
Suppose -30*w + 3678 = -24*w. What is the hundreds digit of w?
6
Let y = -53 - -227. What is the tens digit of y?
7
Let p be 5/10*0 + 2. Suppose 2*b + p*r - 68 = 0, -15 = -5*r + 2*r. What is the units digit of b?
9
Let n be 42/28*140/3. Let o = n + 51. What is the hundreds digit of o?
1
Let y = 2465 + -1715. What is the tens digit of y?
5
Suppose -4*x = -5*m, 0 = m - 5*x + 18 + 3. Suppose 2*o = -m*v + 37 - 15, 0 = o - 3. Suppose -54 = -v*d + n, -2*n = 6*d - 4*d - 32. What is the tens digit of d?
1
Suppose 2*g - 5790 = -g. Suppose -4*k = 5*q - 6*k - g, -k + 386 = q. What is the units digit of q/26 + 28/182?
5
Let c = 56 - 23. Let n be (c/5)/((-3)/(-15)). Let g = 59 - n. What is the units digit of g?
6
What is the units digit of (400/(-6))/(-5) - 100/(-150)?
4
Let t(b) = -b**2 - 1. Let s(f) = 3*f**2 - 15*f - 1. Let c(n) = s(n) + 2*t(n). Let d be c(15). What is the units digit of 0 + d + 4 + 4?
5
Let t = -9 + 13. Suppose t*y = -71 + 255. What is the units digit of y?
6
Let l = -16 - -11. Let z be (l - -2)/(3 + -2). What is the tens digit of z/(-9) - 276/(-9)?
3
Suppose a = -4*a. Let j be a/(1 - -3 - 3). Suppose g + 57 = 3*h - 21, 3*h - 5*g - 90 = j. What is the units digit of h?
5
Suppose -953 - 1686 = -5*b - 3*q, -5*b - 4*q = -2642. Suppose -2*x - 5*s = x - b, -3*x = 2*s - 538. What is the units digit of x?
2
Let p(j) = j**3 - 8*j**2 - 8*j + 6. Let o be p(9). Let c be o/9 + 3/9. What is the tens digit of c/(1 - (-14)/(-15))?
3
What is the units digit of (4/(-8))/(6/(-3756))?
3
What is the tens digit of -1 + 735 + 35/(-5)?
2
What is the hundreds digit of (-6 + (-864)/(-63))/((-2)/(-350))?
3
Let l(b) = 17*b + 21. Let a(v) = -8*v - 10. Let t be (-4)/8*(2 - -2). Let h(g) = t*l(g) - 5*a(g). What is the tens digit of h(2)?
2
Let w = 9 + -9. Suppose w = -0*b + 5*b - 100. What is the tens digit of (-2)/(4/6) + b?
1
What is the tens digit of (-3 - (-2)/2)*(-182)/4?
9
Let s = 6 - 76. What is the units digit of 20/s - (-303)/7?
3
What is the hundreds digit of 2/3 + 1 + (-4732)/(-12)?
3
What is the tens digit of (27/(-4))/(-3*(-4)/(-1008))?
6
Let i(v) = 419*v + 24. What is the units digit of i(2)?
2
Let j(v) = 4*v - 14. Let r be j(5). Suppose -309 = -5*m - 2*f, r*m + 5*f = 3*m + 174. What is the tens digit of m?
6
Suppose -7*k + 4478 + 2648 = 0. What is the tens digit of k?
1
Let w(u) = u**3 + 3 - 2*u - 10 + 3*u**2 - u**2. What is the units digit of w(5)?
8
Let a = -2860 + 6437. What is the hundreds digit of a?
5
Suppose 4*w - 345 = -4*u + 1431, -1292 = -3*u + 5*w. What is the hundreds digit of u?
4
Suppose -468 = -3*p - p. Suppose -3*y - 34 + 145 = 2*q, 0 = -2*q - y + p. What is the units digit of q?
0
Suppose 4*v = 13 + 23. Suppose -12*q + 6 = -v*q. Suppose 0 = d - 15 + q. What is the tens digit of d?
1
Suppose 2*y = 2*k + k + 60, -10 = -5*k. Suppose 0 = 4*b + 5*h - 66, 0 = -5*b + 5*h + 93 - y. Let d = b - -8. What is the units digit of d?
2
Let i(h) = 2*h - 8. Let f be i(4). Suppose f*o = -8*o + 48. What is the units digit of (-2)/9*o*-54?
2
Let c(m) = 1608*m - 549. What is the tens digit of c(4)?
8
Let t be (-50)/(-6)*12/(-4). What is the units digit of -1 + 82/5 - 15/t?
6
Let m(x) = 46*x**2 + x + 3. Let p(r) = 91*r**2 + 2*r + 5. Let l(n) = -5*m(n) + 3*p(n). What is the tens digit of l(1)?
4
Suppose -17*f + 20*f = 0. Suppose f = 8*u - 203 - 221. What is the units digit of u?
3
Let v(f) = 20*f + 4. Let u = 14 + -5. What is the hundreds digit of v(u)?
1
Suppose 4*k + 3*s - 3454 = 2*k, -k = s - 1729. What is the hundreds digit of k?
7
Let z(a) be the first derivative of a**3/3 - 15*a**2/2 + 16*a + 11. What is the units